e r(u). Suppose 9*y = 7*y + w. What is the units digit of y?
4
Suppose -91*n - 7944 = -95*n. What is the thousands digit of n?
1
Let t(d) = d**3 - 1. Let a be t(1). Suppose -3*b - b + 48 = a. Suppose -b = -c + 4. What is the units digit of c?
6
Suppose 0 = -4*k - 302 + 30. Let g = -25 - k. What is the units digit of g?
3
Suppose -c = -3*c + 1656. Suppose -g + c = 5*g. What is the tens digit of g?
3
Let k = 10 + 362. Suppose -4*u + u = -k. What is the hundreds digit of u?
1
Let c = 1 - 7. Let d be c/(-12) + (-7)/2. Let r(p) = -2*p**3 + 4*p. What is the units digit of r(d)?
2
Suppose 0 = 2*y + 5*r - 1432, -10*r + 7*r = 3*y - 2139. What is the tens digit of y?
1
Let t = -286 - -195. Let n = -46 - t. What is the units digit of n?
5
Let s(o) = 170*o + 161. What is the hundreds digit of s(6)?
1
Suppose 5320 + 8078 = 6*z. What is the tens digit of z?
3
Let f(k) = -25*k. Let j be f(-4). Let g = j - 47. What is the tens digit of g?
5
Suppose 2619 = 9*w - 666. What is the tens digit of w?
6
Let h(w) = -w**3 - w**2 + w + 156. What is the hundreds digit of h(0)?
1
What is the hundreds digit of 3/24 - 62635/(-40)?
5
Suppose 2*j + 3 = -3*u, 2*u - 14 = 5*j + 3*u. Let d be 4*4/(-24)*j. Suppose -d*v - 3*v = -80. What is the units digit of v?
6
Let i(a) = 16*a**2 - 2*a - 1. Let d = -3 + 4. Suppose d = -c - 0. What is the tens digit of i(c)?
1
Let n(z) = 16*z**2 - 32*z + 41. What is the hundreds digit of n(12)?
9
Suppose -3*k + 1 = -8. Let f(t) = 13*t**3 - 3*t**2 + 3*t - 11. What is the hundreds digit of f(k)?
3
Let o(l) = 2*l**2 - 4*l + 1. Let f(v) = -2*v**2 + 4*v - 2. Let z(c) = 4*f(c) + 5*o(c). Suppose -4*q + 3*q + 5 = 0. What is the tens digit of z(q)?
2
Suppose 3*t = 2*x + 4*t - 944, 0 = -5*x + 3*t + 2360. What is the units digit of x?
2
Suppose -130 = 3*h + 47. Let z = -56 - h. What is the units digit of z?
3
Suppose -59*x - 4220 = -69*x. What is the tens digit of x?
2
Let b(o) = 12*o**2 - 14*o - 3. Let s be b(5). Suppose -3*m + 73 = -s. What is the units digit of m?
0
Suppose l = 4*h + 159, 5*h = 3*l + 4*h - 521. What is the units digit of l?
5
Let j(v) = -2*v**3 + 11*v**2 - 7*v - 13. What is the units digit of j(-6)?
7
Let c(p) = 3*p**3 - 3 - 1 + 3*p - 4*p**2 + 4*p**3 - 6*p**3. Let z be c(3). Let n(x) = 2*x**2 + 2*x + 1. What is the units digit of n(z)?
5
Let p(g) = 5*g + 4. Let q be 13/2 - (-3)/(-2). Suppose u - q + 0 = 0. What is the units digit of p(u)?
9
Let k(q) = -13 + 106 + 3*q - 4*q + 2*q. What is the units digit of k(-25)?
8
Let a be (0/(6/2))/(-1). What is the units digit of ((-4)/2 - a) + 5?
3
Let i = 6 - 6. Suppose i = -7*t + 8*t - 4. Suppose 4*g - 96 = -4*l, -t = 2*g - g. What is the units digit of l?
8
Let q(y) = -2*y**3 - 21*y**2 - 17*y + 40. What is the tens digit of q(-13)?
0
Suppose 5*c - 2*a = 96 + 137, a = 4*c - 184. What is the tens digit of c?
4
Let i = -1983 + 3345. What is the hundreds digit of i?
3
Suppose -2547 = -8*k + 3437. What is the units digit of k?
8
Let n be (-356)/(-30) + 36/270. Suppose -2*i - 6*j + n = -3*j, -i + 19 = -5*j. What is the units digit of i?
9
Let w(d) = 77*d**2 - 9*d + 8. What is the units digit of w(-7)?
4
Let n(z) be the second derivative of -z**3/3 - 5*z**2/2 + 7*z. Let b be n(-4). Suppose 3*v - 108 = -0*o + 3*o, b*v = o + 110. What is the tens digit of v?
3
What is the units digit of 1630/(-7)*(-483)/138?
5
Suppose -26*z + 740 = -21*z. What is the units digit of z?
8
Suppose 0 = 2*f - 7*f. Suppose f = 2*u + 2*u - 212. What is the tens digit of u?
5
Let j(i) = -13*i + 0*i**2 + 7*i**2 - i**3 + 32*i + 8 - 17*i. Let a = 17 + -11. What is the units digit of j(a)?
6
Let q = -5 - -81. What is the tens digit of q?
7
Let u be ((-21)/4 - -4)/(2/112). Let z = -50 - u. What is the tens digit of z?
2
Suppose 46*y - 44*y = 8. Suppose 3*v - y*t - 108 = 0, -3*t + 2*t = 5*v - 203. What is the tens digit of v?
4
Let g = -10 + 7. What is the tens digit of 102 - ((-2)/g + (-13)/(-39))?
0
Suppose 3*t - 627 = -c + 575, -374 = -t + 5*c. What is the units digit of t?
9
Suppose -318 = -4*f - 954. Let t = -109 - f. What is the tens digit of t?
5
Suppose -2*x = 2*x - 4*l + 52, 4*x + 2*l + 58 = 0. Let q be x/49 - (-12)/(-7). What is the units digit of 18/9 - 50/q?
7
Let f be (-21)/14 + 1/(-2). Let b be 2730/f*4/(-10). What is the units digit of (-16)/(-40) + b/10?
5
What is the units digit of 12663/5 - (-72)/(-120)?
2
Let i be (9/(-6))/((-6)/(-40)). Let q(v) = v**3 + 11*v**2 - 3*v - 11. Let b be q(i). Let x = 168 - b. What is the tens digit of x?
4
Suppose -1 = 4*u - 5. Suppose 7 = v - u. What is the units digit of v?
8
Suppose 15 = 3*c, j - 3*j - 5*c = 291. Let h = -236 + 140. Let f = h - j. What is the units digit of f?
2
Suppose 6750 = 2*t + 13*t. What is the hundreds digit of t?
4
Suppose -12*h + 8*h - 16 = 0, -i = 4*h - 4489. What is the thousands digit of i?
4
Let g = 92 - 53. Let z = 97 - g. Suppose -4*v + 282 - z = 0. What is the tens digit of v?
5
Let p be -3*(4 - 26/6). What is the units digit of (-7 - -117) + -2 + p + 0?
9
Suppose -q = -3*t + 2633, -4*t + 3510 = 16*q - 17*q. What is the tens digit of t?
7
Suppose -3500 = -77*x + 75*x. What is the tens digit of x?
5
Let f(m) = 3*m**3 + m - 7. Let k be f(3). What is the tens digit of k + 4/(-2 + 6)?
7
Let d(n) = 4*n**3 - 7*n**2 - 7*n - 18. Let q(k) = -9*k**3 + 14*k**2 + 13*k + 37. Let l(h) = -7*d(h) - 3*q(h). What is the tens digit of l(8)?
3
Let i(o) = -2*o + 13. Let m be i(10). Let d = m - -11. Suppose 5*r - d*r = 72. What is the tens digit of r?
7
Let g(s) = 455*s - 4. What is the thousands digit of g(10)?
4
Let w(l) = -3*l - 3 - 4 - 1. Let d be w(-12). Suppose 4*i + 4*x = 20, 4*x = 5*i + 3 - d. What is the units digit of i?
5
Let y(u) = u**2 - 11*u - 9. Let r be y(12). Suppose r*q = q + 4. Let l(a) = 2*a**2 + 2*a - 2. What is the tens digit of l(q)?
1
Let z(q) be the first derivative of q**4/4 - 5*q**3/3 - 5*q**2/2 - 2*q + 9. What is the tens digit of z(7)?
6
Let o(m) = m**2 + 3*m - 3. Suppose -3*g + 3*h = 33 + 3, -33 = 5*g + 4*h. Let l be o(g). What is the units digit of (2/6)/(1/l)?
7
What is the thousands digit of 3*715/33*31?
2
Let m(u) = 2*u**2 - 10*u + 8. Let d be m(7). Suppose -3*b + 80 = -5*q, 2*b - 15 - d = q. What is the units digit of b?
5
Suppose -3 + 159 = 3*i. Suppose 14 = -j + 2*c, -3*j = -c - 0*c + i. What is the units digit of 4/(-18) + (-148)/j?
8
Let r(f) = -3 + 2 - 30*f - f**3 + 4*f**2 + 31*f. Let o be r(4). Suppose -3*b - 2*u = -87, o*b - 97 + 10 = u. What is the units digit of b?
9
Let i be (1 - -7)/2 - -12. What is the units digit of 29/6 + i/96?
5
Let c(b) = -b + 4. Let g be c(-3). Suppose -g*m + 220 = -2*m. What is the tens digit of 42*(m/12 + -3)?
2
Suppose 2*c - 2*d - 5728 = 0, 5287 + 3289 = 3*c + d. What is the thousands digit of c?
2
Let m = 161 + -123. Suppose -47*q = -m*q - 225. What is the tens digit of q?
2
Let f = 52 + -43. Suppose 0 = f*v + 2*v - 3168. What is the tens digit of v?
8
Let u(a) = a**2 + 4*a + 4. Let t be u(-3). Let j = -205 - -191. Let l = t - j. What is the tens digit of l?
1
What is the hundreds digit of (1500/250)/((-2)/(-743))?
2
Suppose 2*w - 1 = -3*l - 26, 0 = -w + 1. What is the tens digit of 705/12 + (l/12 - 0)?
5
Suppose 4*a + 0*a = -8. Let w be -1 + 6/2 + a. Suppose w = 2*y - 56 + 12. What is the units digit of y?
2
Let u = 325 + 683. What is the hundreds digit of u?
0
Let r(s) = 242*s + 28. What is the hundreds digit of r(9)?
2
Let v(q) = q**2 - 7*q + 17. What is the tens digit of v(-8)?
3
Let t(b) = -b**2 + 11*b - 10. Let k(d) = -d**2 - d + 2. Let z be k(2). Let w = 12 + z. What is the tens digit of t(w)?
1
Suppose -5*y + 10 = 5*g, -2*g - 2*g - y + 14 = 0. Let q be g - (2 - 2/(-2)). What is the units digit of ((-3)/(-5))/(q/10)?
6
Let o(n) = 15*n**3 + 12*n + 3. What is the tens digit of o(7)?
3
Let w(c) = -30*c - 13. Let l be -3 - (0/(-2))/(-4). What is the units digit of w(l)?
7
Suppose 6*y - 18 = 6. Let g(b) = b**2 - y - 28*b + 28*b. What is the tens digit of g(9)?
7
Let d be -2*(-1)/5 + (-85400)/(-250). Let m = d - 211. What is the units digit of m?
1
Let l = 304 + -170. Let q = l + -80. What is the units digit of q?
4
Let r(q) = 1 + 11*q**2 + q**2 + 19*q + 13*q**2 - 22*q. What is the units digit of r(2)?
5
Suppose 0 = -2*l - 2*a + 714, -4*l - 2*a - 3*a + 1432 = 0. What is the tens digit of l?
5
Le